{"id":646,"date":"2026-01-31T13:09:15","date_gmt":"2026-01-31T18:09:15","guid":{"rendered":"https:\/\/rac.net.co\/nuevositio\/?page_id=646"},"modified":"2026-01-31T13:29:14","modified_gmt":"2026-01-31T18:29:14","slug":"programacion","status":"publish","type":"page","link":"https:\/\/rac.net.co\/nuevositio\/programacion\/","title":{"rendered":"programacion"},"content":{"rendered":"\n<p><\/p>\n\n\n\n<div class=\"wp-block-cover alignfull is-light\" style=\"min-height:245px;aspect-ratio:unset;\"><span aria-hidden=\"true\" class=\"wp-block-cover__background has-background-dim-100 has-background-dim\" style=\"background-color:#4caf50\"><\/span><div class=\"wp-block-cover__inner-container has-global-padding is-layout-constrained wp-block-cover-is-layout-constrained\">\n<p class=\"has-text-align-center has-default-color has-text-color has-link-color has-x-large-font-size wp-elements-10fed56e3824f4c2f48965ee3c5ad372\"><strong>Eventos Febrero 2026<\/strong><\/p>\n<\/div><\/div>\n\n\n\n<div class=\"wp-block-media-text is-stacked-on-mobile is-image-fill-element has-background\" style=\"background-color:#f2f2f2;grid-template-columns:40% auto\"><figure class=\"wp-block-media-text__media\"><img loading=\"lazy\" decoding=\"async\" width=\"724\" height=\"1024\" src=\"https:\/\/rac.net.co\/nuevositio\/wp-content\/uploads\/2026\/01\/ACDA-724x1024.webp\" alt=\"\" class=\"wp-image-655 size-full\" style=\"object-position:50% 50%\" srcset=\"https:\/\/rac.net.co\/nuevositio\/wp-content\/uploads\/2026\/01\/ACDA-724x1024.webp 724w, https:\/\/rac.net.co\/nuevositio\/wp-content\/uploads\/2026\/01\/ACDA-212x300.webp 212w, https:\/\/rac.net.co\/nuevositio\/wp-content\/uploads\/2026\/01\/ACDA-768x1086.webp 768w, https:\/\/rac.net.co\/nuevositio\/wp-content\/uploads\/2026\/01\/ACDA-1086x1536.webp 1086w, https:\/\/rac.net.co\/nuevositio\/wp-content\/uploads\/2026\/01\/ACDA.webp 1131w\" sizes=\"auto, (max-width: 724px) 100vw, 724px\" \/><\/figure><div class=\"wp-block-media-text__content\">\n<p class=\"has-text-color has-link-color has-large-font-size wp-elements-77f717c31ff35c383907c448be627a90\" style=\"color:#0c1d47\"><strong>Programaci\u00f3n <\/strong> <\/p>\n\n\n\n<p class=\"has-text-color has-link-color has-medium-font-size wp-elements-0b8a84ea27c59256830f526bb7e706c6\" style=\"color:#0c1d47;font-style:normal;font-weight:200\"><strong>Organiza: <\/strong>ACDA<\/p>\n\n\n\n<p class=\"has-text-color has-link-color has-medium-font-size wp-elements-744984041285f66b66a71cbbeb76a39c\" style=\"color:#0c1d47;font-style:normal;font-weight:200\"><strong>Cu\u00e1ndo: <\/strong>S\u00e1bados de 10:00 a.m. a 11:30 a.m.<\/p>\n\n\n\n<p class=\"has-text-color has-link-color has-medium-font-size wp-elements-5057258ad63247966db3dd6823513f4f\" style=\"color:#0c1d47;font-style:normal;font-weight:200\"><strong>Lugar:<\/strong> Maloka Museo Interactivo<\/p>\n<\/div><\/div>\n\n\n\n<div style=\"height:30px\" aria-hidden=\"true\" class=\"wp-block-spacer\"><\/div>\n\n\n\n<div class=\"wp-block-media-text has-media-on-the-right is-stacked-on-mobile is-image-fill-element has-background\" style=\"background-color:#f2f2f2;grid-template-columns:auto 40%\"><div class=\"wp-block-media-text__content\">\n<p class=\"has-text-color has-link-color has-large-font-size wp-elements-86477cd7bed8d6b2880d5d4879033f0b\" style=\"color:#0c1d47\"><strong>Encuentro virtual<\/strong> <\/p>\n\n\n\n<p class=\"has-text-color has-link-color has-medium-font-size wp-elements-94886603b4558124df365730a860a412\" style=\"color:#0c1d47;font-style:normal;font-weight:200\"><strong>Organiza: <\/strong>SHAULITOS<\/p>\n\n\n\n<p class=\"has-text-color has-link-color has-medium-font-size wp-elements-e733d65b6e92edc9aa17d2f65f1e1c60\" style=\"color:#0c1d47;font-style:normal;font-weight:200\"><strong>Cu\u00e1ndo: <\/strong>S\u00e1bados 9:57 a.m.<\/p>\n\n\n\n<p class=\"has-text-color has-link-color has-medium-font-size wp-elements-6f2743368adac4b772fafc2912a1b6db\" style=\"color:#0c1d47;font-style:normal;font-weight:200\"><strong>Lugar:<\/strong> Youtube<\/p>\n\n\n\n<p class=\"has-medium-font-size\" style=\"font-style:normal;font-weight:200\"><a href=\"https:\/\/ww.youtube.com\/@NikolasBiologuito\/\" target=\"_blank\" rel=\"noreferrer noopener\">https:\/\/www.youtube.com\/@NikolasBiologuito\/<\/a><\/p>\n<\/div><figure class=\"wp-block-media-text__media\"><img loading=\"lazy\" decoding=\"async\" width=\"1024\" height=\"971\" src=\"https:\/\/rac.net.co\/nuevositio\/wp-content\/uploads\/2026\/01\/SHAULITOS-1024x971.webp\" alt=\"\" class=\"wp-image-656 size-full\" style=\"object-position:50% 50%\" srcset=\"https:\/\/rac.net.co\/nuevositio\/wp-content\/uploads\/2026\/01\/SHAULITOS-1024x971.webp 1024w, https:\/\/rac.net.co\/nuevositio\/wp-content\/uploads\/2026\/01\/SHAULITOS-300x284.webp 300w, https:\/\/rac.net.co\/nuevositio\/wp-content\/uploads\/2026\/01\/SHAULITOS-768x728.webp 768w, https:\/\/rac.net.co\/nuevositio\/wp-content\/uploads\/2026\/01\/SHAULITOS.webp 1180w\" sizes=\"auto, (max-width: 1024px) 100vw, 1024px\" \/><\/figure><\/div>\n\n\n\n<div style=\"height:30px\" aria-hidden=\"true\" class=\"wp-block-spacer\"><\/div>\n\n\n\n<div class=\"wp-block-media-text is-stacked-on-mobile is-image-fill-element has-background\" style=\"background-color:#f2f2f2;grid-template-columns:40% auto\"><figure class=\"wp-block-media-text__media\"><img loading=\"lazy\" decoding=\"async\" width=\"819\" height=\"1024\" src=\"https:\/\/rac.net.co\/nuevositio\/wp-content\/uploads\/2026\/01\/centro_cultural_ibague-819x1024.webp\" alt=\"\" class=\"wp-image-657 size-full\" style=\"object-position:50% 50%\" srcset=\"https:\/\/rac.net.co\/nuevositio\/wp-content\/uploads\/2026\/01\/centro_cultural_ibague-819x1024.webp 819w, https:\/\/rac.net.co\/nuevositio\/wp-content\/uploads\/2026\/01\/centro_cultural_ibague-240x300.webp 240w, https:\/\/rac.net.co\/nuevositio\/wp-content\/uploads\/2026\/01\/centro_cultural_ibague-768x961.webp 768w, https:\/\/rac.net.co\/nuevositio\/wp-content\/uploads\/2026\/01\/centro_cultural_ibague-1228x1536.webp 1228w, https:\/\/rac.net.co\/nuevositio\/wp-content\/uploads\/2026\/01\/centro_cultural_ibague.webp 1279w\" sizes=\"auto, (max-width: 819px) 100vw, 819px\" \/><\/figure><div class=\"wp-block-media-text__content\">\n<p class=\"has-text-color has-link-color has-large-font-size wp-elements-985c633a2ff435900610ae75e7504839\" style=\"color:#0c1d47\"><strong>Taller Peque\u00f1os cient\u00edficos<\/strong> <\/p>\n\n\n\n<p class=\"has-text-color has-link-color has-medium-font-size wp-elements-95e2014f79ddaa0e01ead1ccbbc8b57f\" style=\"color:#0c1d47;font-style:normal;font-weight:200\"><strong>Organiza: <\/strong>CENTRO CULTURAL IBAGUE<\/p>\n\n\n\n<p class=\"has-text-color has-link-color has-medium-font-size wp-elements-e743d03b3b8f890f9c790b0334798305\" style=\"color:#0c1d47;font-style:normal;font-weight:200\"><strong>Cu\u00e1ndo: <\/strong>Viernes 6, 13, 20 y 27 de febrero<\/p>\n\n\n\n<p class=\"has-text-color has-link-color has-medium-font-size wp-elements-e69cd14700382c825aceadb28fe670da\" style=\"color:#0c1d47;font-style:normal;font-weight:200\"><strong>Hora:<\/strong> 3:00 p.m.<\/p>\n\n\n\n<p class=\"has-text-color has-link-color has-medium-font-size wp-elements-9a576b54625aad3b15f1a56b0f5606df\" style=\"color:#0c1d47;font-style:normal;font-weight:200\"><strong>Lugar:<\/strong> Sala Infantil.  Biblioteca Dar\u00edo Echand\u00eda.  Centro Cultural del Banco de la Rep\u00fablica<\/p>\n<\/div><\/div>\n\n\n\n<div style=\"height:30px\" aria-hidden=\"true\" class=\"wp-block-spacer\"><\/div>\n\n\n\n<div class=\"wp-block-media-text has-media-on-the-right is-stacked-on-mobile is-image-fill-element has-background\" style=\"background-color:#f2f2f2;grid-template-columns:auto 40%\"><div class=\"wp-block-media-text__content\">\n<div style=\"height:30px\" aria-hidden=\"true\" class=\"wp-block-spacer\"><\/div>\n\n\n\n<p class=\"has-text-color has-link-color has-large-font-size wp-elements-5cb5bdc61279142ee29a23bc15bf0a84\" style=\"color:#0c1d47\"><strong>Nuevo n\u00famero de la revista eSPECTRA<\/strong> <\/p>\n\n\n\n<p class=\"has-text-color has-link-color has-medium-font-size wp-elements-1560bca72833395200e3d817a64bd021\" style=\"color:#0c1d47;font-style:normal;font-weight:200\"><strong>Organiza: <\/strong>Observatorio Astron\u00f3mico Nacional de Colombia<\/p>\n\n\n\n<p class=\"has-text-color has-link-color has-medium-font-size wp-elements-c142a15a50740fcd074282b53d11ed3c\" style=\"color:#0c1d47;font-style:normal;font-weight:200\"><strong>Cu\u00e1ndo: <\/strong>Disponible desde el 1 de febrero<\/p>\n\n\n\n<p class=\"has-text-color has-link-color has-medium-font-size wp-elements-a5b2567859d6be319ee4edbfbbf5f563\" style=\"color:#0c1d47;font-style:normal;font-weight:200\"><strong>Enlace:<\/strong><\/p>\n\n\n\n<p class=\"has-text-color has-link-color has-medium-font-size wp-elements-24b2ce691ea8574caec2f01745e6082a\" style=\"color:#0c1d47;font-style:normal;font-weight:200\"><a href=\"https:\/\/espectra.astronomiaoan.co\/\" target=\"_blank\" rel=\"noreferrer noopener\">https:\/\/espectra.astronomiaoan.co\/<\/a><\/p>\n<\/div><figure class=\"wp-block-media-text__media\"><img loading=\"lazy\" decoding=\"async\" width=\"741\" height=\"1024\" src=\"https:\/\/rac.net.co\/nuevositio\/wp-content\/uploads\/2026\/01\/espectra-741x1024.webp\" alt=\"\" class=\"wp-image-659 size-full\" style=\"object-position:50% 50%\" srcset=\"https:\/\/rac.net.co\/nuevositio\/wp-content\/uploads\/2026\/01\/espectra-741x1024.webp 741w, https:\/\/rac.net.co\/nuevositio\/wp-content\/uploads\/2026\/01\/espectra-217x300.webp 217w, https:\/\/rac.net.co\/nuevositio\/wp-content\/uploads\/2026\/01\/espectra-768x1062.webp 768w, https:\/\/rac.net.co\/nuevositio\/wp-content\/uploads\/2026\/01\/espectra-1111x1536.webp 1111w, https:\/\/rac.net.co\/nuevositio\/wp-content\/uploads\/2026\/01\/espectra.webp 1134w\" sizes=\"auto, (max-width: 741px) 100vw, 741px\" \/><\/figure><\/div>\n","protected":false},"excerpt":{"rendered":"<p>Programaci\u00f3n Organiza: ACDA Cu\u00e1ndo: S\u00e1bados de 10:00 a.m. a 11:30 a.m. Lugar: Maloka Museo Interactivo Encuentro virtual Organiza: SHAULITOS Cu\u00e1ndo: S\u00e1bados 9:57 a.m. Lugar: Youtube https:\/\/www.youtube.com\/@NikolasBiologuito\/ Taller Peque\u00f1os cient\u00edficos Organiza: CENTRO CULTURAL IBAGUE Cu\u00e1ndo: Viernes 6, 13, 20 y 27 de febrero Hora: 3:00 p.m. Lugar: Sala Infantil. Biblioteca Dar\u00edo Echand\u00eda. Centro Cultural del Banco [&hellip;]<\/p>\n","protected":false},"author":1,"featured_media":0,"parent":0,"menu_order":0,"comment_status":"closed","ping_status":"closed","template":"","meta":{"footnotes":""},"class_list":["post-646","page","type-page","status-publish","hentry"],"_links":{"self":[{"href":"https:\/\/rac.net.co\/nuevositio\/wp-json\/wp\/v2\/pages\/646","targetHints":{"allow":["GET"]}}],"collection":[{"href":"https:\/\/rac.net.co\/nuevositio\/wp-json\/wp\/v2\/pages"}],"about":[{"href":"https:\/\/rac.net.co\/nuevositio\/wp-json\/wp\/v2\/types\/page"}],"author":[{"embeddable":true,"href":"https:\/\/rac.net.co\/nuevositio\/wp-json\/wp\/v2\/users\/1"}],"replies":[{"embeddable":true,"href":"https:\/\/rac.net.co\/nuevositio\/wp-json\/wp\/v2\/comments?post=646"}],"version-history":[{"count":12,"href":"https:\/\/rac.net.co\/nuevositio\/wp-json\/wp\/v2\/pages\/646\/revisions"}],"predecessor-version":[{"id":666,"href":"https:\/\/rac.net.co\/nuevositio\/wp-json\/wp\/v2\/pages\/646\/revisions\/666"}],"wp:attachment":[{"href":"https:\/\/rac.net.co\/nuevositio\/wp-json\/wp\/v2\/media?parent=646"}],"curies":[{"name":"wp","href":"https:\/\/api.w.org\/{rel}","templated":true}]}}