{"id":676,"date":"2026-02-24T21:48:28","date_gmt":"2026-02-25T02:48:28","guid":{"rendered":"https:\/\/rac.net.co\/nuevositio\/?page_id=676"},"modified":"2026-03-03T07:01:09","modified_gmt":"2026-03-03T12:01:09","slug":"encuentro-rac-2025","status":"publish","type":"page","link":"https:\/\/rac.net.co\/nuevositio\/encuentro-rac-2025\/","title":{"rendered":"XXI Encuentro RAC 2025"},"content":{"rendered":"\n<div style=\"height:43px\" aria-hidden=\"true\" class=\"wp-block-spacer\"><\/div>\n\n\n\n<div class=\"wp-block-cover alignfull is-light\" style=\"min-height:133px;aspect-ratio:unset;\"><span aria-hidden=\"true\" class=\"wp-block-cover__background has-background-dim-100 has-background-dim\" style=\"background-color:#f9d100\"><\/span><div class=\"wp-block-cover__inner-container has-global-padding is-layout-constrained wp-block-cover-is-layout-constrained\">\n<p class=\"has-text-align-center has-base-font-family has-large-font-size\" style=\"font-style:normal;font-weight:500\">XXI ENCUENTRO RAC &#8211; 2025 <\/p>\n\n\n\n<p class=\"has-text-align-center\">10-13 DE OCTUBRE DE 2025, CAL\u00cd, VALLE DEL CAUCA<\/p>\n<\/div><\/div>\n\n\n\n<div style=\"height:43px\" aria-hidden=\"true\" class=\"wp-block-spacer\"><\/div>\n\n\n\n<div class=\"wp-block-media-text alignwide is-stacked-on-mobile\" style=\"grid-template-columns:38% auto\"><figure class=\"wp-block-media-text__media\"><img loading=\"lazy\" decoding=\"async\" width=\"716\" height=\"1024\" src=\"https:\/\/rac.net.co\/nuevositio\/wp-content\/uploads\/2026\/02\/sol_cuantica.webp\" alt=\"\" class=\"wp-image-677 size-full\" srcset=\"https:\/\/rac.net.co\/nuevositio\/wp-content\/uploads\/2026\/02\/sol_cuantica.webp 716w, https:\/\/rac.net.co\/nuevositio\/wp-content\/uploads\/2026\/02\/sol_cuantica-210x300.webp 210w\" sizes=\"auto, (max-width: 716px) 100vw, 716px\" \/><\/figure><div class=\"wp-block-media-text__content\">\n<p class=\"has-medium-font-size\">La Red de Astronom\u00eda de Colombia se une a la proclamaci\u00f3n de las Nacionales Unidas con el A\u00f1o Internacional de la Ciencia y Tecnolog\u00eda Cu\u00e1ntica y tambi\u00e9n tiene en cuenta el 25 ciclo solar para inspirar lo que ser\u00e1 su XXI Encuentro en la ciudad de Cali, Valle del Cauca.&nbsp;<\/p>\n\n\n\n<p><\/p>\n\n\n\n<p class=\"has-medium-font-size\">Todas las personas que quieran aprender astronom\u00eda pueden encontrarse en este espacio con los divulgadores y profesionales m\u00e1s reconocidos a nivel nacional. De igual manera, en Colombia la comunidad de profesores que llevan la astronom\u00eda a la escuela o la ense\u00f1an a trav\u00e9s de clubes o semilleros de astronom\u00eda ha venido creciendo y para ellos tambi\u00e9n es este evento. Es un espacio ideal para que compartamos experiencia pedag\u00f3gicas, divulgativas y escuchemos a los profesionales del tema.<\/p>\n<\/div><\/div>\n\n\n\n<div style=\"height:56px\" aria-hidden=\"true\" class=\"wp-block-spacer\"><\/div>\n\n\n\n<p class=\"has-text-align-center has-large-font-size\">I<strong>NVITADOS ESPECIALES<\/strong><\/p>\n\n\n\n<hr class=\"wp-block-separator has-alpha-channel-opacity\"\/>\n\n\n\n<div style=\"height:43px\" aria-hidden=\"true\" class=\"wp-block-spacer\"><\/div>\n\n\n\n<div class=\"wp-block-media-text alignwide is-stacked-on-mobile\" style=\"grid-template-columns:22% auto\"><figure class=\"wp-block-media-text__media\"><img loading=\"lazy\" decoding=\"async\" width=\"229\" height=\"300\" src=\"https:\/\/rac.net.co\/nuevositio\/wp-content\/uploads\/2026\/02\/lauren.webp\" alt=\"\" class=\"wp-image-684 size-full\"\/><\/figure><div class=\"wp-block-media-text__content\">\n<p class=\"has-medium-font-size\">Lauren Melissa Flor Torres, Profesora (OTC) en la Universidad de Antioquia <\/p>\n\n\n\n<p class=\"has-medium-font-size\">PhD en Astrof\u00edsica de la Universidad de Guanajuato <br>Presidente de AstroCo<\/p>\n\n\n\n<p class=\"has-large-font-size\"><strong>Buscando biofirmas en planetas lejanos: IA, espectros y estrellas distantes<\/strong><\/p>\n\n\n\n<p>\u00bfEs posible detectar se\u00f1ales de vida en planetas que orbitan estrellas lejanas? Gracias a los avances en astronom\u00eda y f\u00edsica, hoy contamos con herramientas que nos acercan cada vez m\u00e1s a esa respuesta. En esta charla exploraremos c\u00f3mo la inteligencia artificial, entrenada con una gran cantidad de espectros simulados, nos permite identificar posibles huellas qu\u00edmicas \u2014como el metano y el ozono\u2014 en planetas parecidos a la Tierra, incluso cuando los datos son muy d\u00e9biles. Hablaremos del papel del telescopio espacial James Webb (JWST), del uso de la espectroscop\u00eda para analizar atm\u00f3sferas, y de c\u00f3mo el estudio de las estrellas nos da claves para reconocer condiciones de habitabilidad en otros sistemas.<\/p>\n<\/div><\/div>\n\n\n\n<div style=\"height:50px\" aria-hidden=\"true\" class=\"wp-block-spacer\"><\/div>\n\n\n\n<hr class=\"wp-block-separator has-alpha-channel-opacity\"\/>\n\n\n\n<div style=\"height:50px\" aria-hidden=\"true\" class=\"wp-block-spacer\"><\/div>\n\n\n\n<div class=\"wp-block-media-text alignwide is-stacked-on-mobile\" style=\"grid-template-columns:22% auto\"><figure class=\"wp-block-media-text__media\"><img loading=\"lazy\" decoding=\"async\" width=\"300\" height=\"159\" src=\"https:\/\/rac.net.co\/nuevositio\/wp-content\/uploads\/2026\/02\/santiago.webp\" alt=\"\" class=\"wp-image-690 size-full\"\/><\/figure><div class=\"wp-block-media-text__content\">\n<p class=\"has-medium-font-size\">Santiago Vargas Dominguez, Associate Profesor<br>Research Coordinator &#8211; Observatorio Astron\u00f3mico Nacional<br>Universidad Nacional Sede Bogot\u00e1<br>Coordinador NAEC &#8211; OAE Colombia<\/p>\n\n\n\n<p class=\"has-large-font-size\"><strong>F\u00edsica cu\u00e1ntica bajo la luz del Sol<\/strong><\/p>\n\n\n\n<p>El Sol, fuente de luz y energ\u00eda para la vida en la Tierra, es tambi\u00e9n uno de los laboratorios naturales m\u00e1s extremos y complejos que conocemos. En su interior y en sus capas m\u00e1s externas, la f\u00edsica cu\u00e1ntica no es una curiosidad te\u00f3rica, es la clave que permite comprender su estructura, su din\u00e1mica y los mecanismos que le dan vida. Desde la fusi\u00f3n nuclear en su n\u00facleo hasta la interacci\u00f3n de la radiaci\u00f3n con \u00e1tomos e iones en su atm\u00f3sfera, el comportamiento del Sol est\u00e1 profundamente regido por principios cu\u00e1nticos.<br>Esta conferencia recorrer\u00e1 los pilares fundamentales que conectan al Sol con la mec\u00e1nica cu\u00e1ntica, incluyendo los procesos de dispersi\u00f3n coherente que revelan campos magn\u00e9ticos ocultos, las interferencias cu\u00e1nticas que modelan el \u201csegundo espectro solar\u201d, la detecci\u00f3n de neutrinos solares como prueba experimental de oscilaciones cu\u00e1nticas, y el papel que ha jugado la f\u00edsica solar en el desarrollo de tecnolog\u00edas como la energ\u00eda fotovoltaica o la computaci\u00f3n cu\u00e1ntica.<\/p>\n\n\n\n<p>En el marco del A\u00f1o Internacional de la Ciencia y la Tecnolog\u00eda Cu\u00e1nticas, esta charla busca inspirar a la comunidad cient\u00edfica colombiana a mirar al Sol como algo m\u00e1s que una esfera radiante en el cielo, como un escenario privilegiado donde se manifiestan las leyes m\u00e1s profundas de la naturaleza.<\/p>\n<\/div><\/div>\n\n\n\n<div style=\"height:50px\" aria-hidden=\"true\" class=\"wp-block-spacer\"><\/div>\n\n\n\n<hr class=\"wp-block-separator has-alpha-channel-opacity\"\/>\n\n\n\n<div style=\"height:50px\" aria-hidden=\"true\" class=\"wp-block-spacer\"><\/div>\n\n\n\n<div class=\"wp-block-media-text alignwide is-stacked-on-mobile\" style=\"grid-template-columns:22% auto\"><figure class=\"wp-block-media-text__media\"><img loading=\"lazy\" decoding=\"async\" width=\"172\" height=\"300\" src=\"https:\/\/rac.net.co\/nuevositio\/wp-content\/uploads\/2026\/02\/z.webp\" alt=\"\" class=\"wp-image-691 size-full\"\/><\/figure><div class=\"wp-block-media-text__content\">\n<p class=\"has-medium-font-size\">Jorge Zuluaga,  profesor titular de F\u00edsica y Astronomia en la Universidad de<br>Antioquia<\/p>\n\n\n\n<p class=\"has-medium-font-size\">Mag\u00edster en F\u00edsica y Doctor en F\u00edsica de la Universidad de Antioquia<\/p>\n\n\n\n<p class=\"has-large-font-size\"><strong>Sin cu\u00e1ntica no hay estrellas<\/strong><\/p>\n\n\n\n<p>Aunque las estrellas parecen objetos muy grandes regidos por leyes f\u00edsicas m\u00e1s o menos familiares, las leyes del calor, de los gases, de la gravedad o de la luz, en realidad la existencia y funcionamiento de las estrellas dependen de leyes cu\u00e1nticas relativamente ajenas a nuestra vida. Y no, no nos referimos a las leyes que determinan el color de la luz que emiten o a las l\u00edneas oscuras en su espectro. En las estrellas ocurre tunelamiento, superposici\u00f3n cu\u00e1ntica, resonancias nucleares, exclusi\u00f3n cu\u00e1ntica, entre otras rarezas f\u00edsica muy poco familiares para nosotros. Sin esos fen\u00f3menos cu\u00e1nticos no habr\u00eda estrellas, no podr\u00edamos entender porque se inflan y desbaratan al final de sus vidas, e incluso como pueden producir cantidades suficientes de Carbono para que haya vida en el Universo. Sin cu\u00e1ntica, no hay estrellas.<\/p>\n\n\n\n<p><\/p>\n<\/div><\/div>\n\n\n\n<div style=\"height:50px\" aria-hidden=\"true\" class=\"wp-block-spacer\"><\/div>\n\n\n\n<hr class=\"wp-block-separator has-alpha-channel-opacity\"\/>\n\n\n\n<div style=\"height:50px\" aria-hidden=\"true\" class=\"wp-block-spacer\"><\/div>\n\n\n\n<div class=\"wp-block-media-text alignwide is-stacked-on-mobile\" style=\"grid-template-columns:22% auto\"><figure class=\"wp-block-media-text__media\"><img loading=\"lazy\" decoding=\"async\" width=\"300\" height=\"200\" src=\"https:\/\/rac.net.co\/nuevositio\/wp-content\/uploads\/2026\/02\/miguel.webp\" alt=\"\" class=\"wp-image-692 size-full\"\/><\/figure><div class=\"wp-block-media-text__content\">\n<p class=\"has-medium-font-size\">Miguel \u00c1ngel Sabadell. Director de proyectos de la Fundaci\u00f3n Albireo Cultura Cient\u00edfica. \nHa trabajado durante m\u00e1s de un cuarto de siglo en la comunicaci\u00f3n p\u00fablica de la ciencia. \nEs miembro del consejo editorial de la revista de divulgaci\u00f3n cient\u00edfica Muy Interesante \n(la tercera revista m\u00e1s vendida de Espa\u00f1a).<\/p>\n\n\n\n<p class=\"has-large-font-size\"><strong>El Sol y el misterio de los neutrinos<\/strong><\/p>\n\n\n\n<p>Los neutrinos son las part\u00edculas subat\u00f3micas m\u00e1s enigm\u00e1ticas de universo. Definidos como un cuchillo muy afilado sin mango y sin hoja han estado profundamente relacionados con el Sol y los procesos nucleares que se producen en su interior. La astrof\u00edsica de part\u00edculas los estudia en la profundidad de t\u00faneles y minas, bajo toneladas de tierra y roca. Hace medio siglo el estudio de los neutrinos solares nos permiti\u00f3 determinar que, en contra de lo que dice el modelo est\u00e1ndar de la f\u00edsica de part\u00edculas, s\u00ed tienen masa. Quiz\u00e1 en un futuro cercano el Sol nos ayude a resolver algunos de los misterios que encierran estas part\u00edculas.<\/p>\n\n\n\n<p><\/p>\n<\/div><\/div>\n\n\n\n<div style=\"height:100px\" aria-hidden=\"true\" class=\"wp-block-spacer\"><\/div>\n\n\n\n<p class=\"has-text-align-center has-large-font-size\"><strong>PROGRAMACI\u00d3N DETALLADA<\/strong><\/p>\n\n\n\n<hr class=\"wp-block-separator has-alpha-channel-opacity\"\/>\n\n\n\n<div style=\"height:32px\" aria-hidden=\"true\" class=\"wp-block-spacer\"><\/div>\n\n\n\n<div class=\"wp-block-media-text alignwide is-stacked-on-mobile\" style=\"grid-template-columns:31% auto\"><figure class=\"wp-block-media-text__media\"><img loading=\"lazy\" decoding=\"async\" width=\"789\" height=\"1024\" src=\"https:\/\/rac.net.co\/nuevositio\/wp-content\/uploads\/2026\/03\/portada-programacion-encuentro-rac-2025-789x1024.webp\" alt=\"\" class=\"wp-image-709 size-full\" srcset=\"https:\/\/rac.net.co\/nuevositio\/wp-content\/uploads\/2026\/03\/portada-programacion-encuentro-rac-2025-789x1024.webp 789w, https:\/\/rac.net.co\/nuevositio\/wp-content\/uploads\/2026\/03\/portada-programacion-encuentro-rac-2025-231x300.webp 231w, https:\/\/rac.net.co\/nuevositio\/wp-content\/uploads\/2026\/03\/portada-programacion-encuentro-rac-2025-768x997.webp 768w, https:\/\/rac.net.co\/nuevositio\/wp-content\/uploads\/2026\/03\/portada-programacion-encuentro-rac-2025.webp 808w\" sizes=\"auto, (max-width: 789px) 100vw, 789px\" \/><\/figure><div class=\"wp-block-media-text__content\">\n<p class=\"has-medium-font-size\"><strong>XXI Encuentro de la Red de Astronom\u00eda de Colombia: El Sol y la Cu\u00e1ntica<\/strong><\/p>\n\n\n\n<p class=\"has-small-font-size\">En octubre de 2025, la ciudad de Cali se convirti\u00f3 en el epicentro de la astronom\u00eda en el pa\u00eds. Bajo el lema <strong>&#8220;El Sol y la Cu\u00e1ntica&#8221;<\/strong>, el XXI Encuentro de la RAC reuni\u00f3 a entusiastas, acad\u00e9micos y divulgadores en un viaje fascinante desde el coraz\u00f3n de las estrellas hasta las part\u00edculas m\u00e1s elementales del universo.<\/p>\n\n\n\n<p>Durante cuatro d\u00edas, escenarios emblem\u00e1ticos como el <strong>Centro de Ciencia YAWA<\/strong> y la <strong>Biblioteca Departamental del Valle del Cauca<\/strong> fueron testigos de una agenda acad\u00e9mica de alto nivel que incluy\u00f3:<\/p>\n\n\n\n<ul class=\"wp-block-list\">\n<li><strong>Conferencias magistrales:<\/strong> Exploramos desde el misterio de los neutrinos solares hasta el origen estelar de los elementos qu\u00edmicos.<\/li>\n\n\n\n<li><strong>Talleres pr\u00e1cticos:<\/strong> Espacios dedicados a la astrofotograf\u00eda solar, espectroscopia casera y el uso de herramientas como Stellarium.<\/li>\n\n\n\n<li><strong>Experiencias inmersivas:<\/strong> Funciones en domo de \u00faltima tecnolog\u00eda y visitas a hitos hist\u00f3ricos como el primer planetario de Colombia.<\/li>\n<\/ul>\n\n\n\n<p>Este encuentro no solo fortaleci\u00f3 los lazos de nuestra comunidad astron\u00f3mica, sino que reafirm\u00f3 el compromiso de la RAC con la divulgaci\u00f3n cient\u00edfica, record\u00e1ndonos que para entender el brillo de las estrellas, primero debemos comprender las leyes de lo invisible.<\/p>\n\n\n\n<div class=\"wp-block-buttons is-layout-flex wp-block-buttons-is-layout-flex\">\n<div class=\"wp-block-button\"><a class=\"wp-block-button__link has-base-color has-text-color has-background has-link-color wp-element-button\" href=\"https:\/\/rac.net.co\/wp-content\/uploads\/2025\/10\/Encuentro-RAC-programacion-final-2.pdf\" style=\"background-color:#f9d100\" target=\"_blank\" rel=\"noreferrer noopener\">Ver programaci\u00f3n completa<\/a><\/div>\n<\/div>\n<\/div><\/div>\n\n\n\n<div style=\"height:55px\" aria-hidden=\"true\" class=\"wp-block-spacer\"><\/div>\n\n\n\n<p class=\"has-text-align-center has-large-font-size\"><strong>ORGANIZADORES<\/strong><\/p>\n\n\n\n<hr class=\"wp-block-separator has-alpha-channel-opacity\"\/>\n\n\n\n<div style=\"height:50px\" aria-hidden=\"true\" class=\"wp-block-spacer\"><\/div>\n\n\n\n<div class=\"wp-block-columns is-layout-flex wp-container-core-columns-is-layout-28f84493 wp-block-columns-is-layout-flex\">\n<div class=\"wp-block-column is-layout-flow wp-block-column-is-layout-flow\">\n<p class=\"has-text-align-center has-medium-font-size\"><strong>C\u00f3mite Organizador Local<\/strong><\/p>\n\n\n\n<p class=\"has-text-align-left has-small-font-size\">Fabricio Noguera, presidente de ASAFI. Luz Marina Duque y Julieta Arboleda Arciniegas, ASAFi<\/p>\n\n\n\n<p>Arlex L\u00f3pez, Biblioteca Departamental Jorge Garc\u00e9s Borrero\u00a0<\/p>\n\n\n\n<p>Mauricio Medina, Yawa: Centro de Ciencia, Arte y Tecnolog\u00eda.\u00a0<\/p>\n\n\n\n<p>Gustavo Murillo, de ICESI\u00a0<\/p>\n\n\n\n<p>Alejandro Guerrero Caicedo,\u00a0Universidad Libre y Universidad del Valle<\/p>\n\n\n\n<p>Marino Guar\u00edn, Escuela de Astronom\u00eda de Cali\u00a0<\/p>\n\n\n\n<p>\u00c1ngela P\u00e9rez Henao, Presidente y representante de la Junta Directiva de la RAC<\/p>\n<\/div>\n\n\n\n<div class=\"wp-block-column is-layout-flow wp-block-column-is-layout-flow\">\n<p class=\"has-text-align-center has-medium-font-size\"><strong>C\u00f3mite Acad\u00e9mico del Encuentro<\/strong><\/p>\n\n\n\n<p class=\"has-text-align-left has-small-font-size\">Gustavo Murillo, Universidad de ICESI . L\u00edder del Comit\u00e9<\/p>\n\n\n\n<p>Alejandro Guerrero Caicedo, Universidad Libre y Universidad del Valle<\/p>\n\n\n\n<p>Edwin Garc\u00eda, UniValle<\/p>\n\n\n\n<p>Jes\u00fas Roberto Soto Gallo, Aut\u00f3noma de Cali<\/p>\n\n\n\n<p>\u00c1ngela P\u00e9rez Henao, Presidente y representante de la Junta Directiva de la RAC<\/p>\n<\/div>\n<\/div>\n\n\n\n<div style=\"height:100px\" aria-hidden=\"true\" class=\"wp-block-spacer\"><\/div>\n","protected":false},"excerpt":{"rendered":"<p>La Red de Astronom\u00eda de Colombia se une a la proclamaci\u00f3n de las Nacionales Unidas con el A\u00f1o Internacional de la Ciencia y Tecnolog\u00eda Cu\u00e1ntica y tambi\u00e9n tiene en cuenta el 25 ciclo solar para inspirar lo que ser\u00e1 su XXI Encuentro en la ciudad de Cali, Valle del Cauca.&nbsp; Todas las personas que quieran [&hellip;]<\/p>\n","protected":false},"author":1,"featured_media":0,"parent":0,"menu_order":0,"comment_status":"closed","ping_status":"closed","template":"","meta":{"footnotes":""},"class_list":["post-676","page","type-page","status-publish","hentry"],"_links":{"self":[{"href":"https:\/\/rac.net.co\/nuevositio\/wp-json\/wp\/v2\/pages\/676","targetHints":{"allow":["GET"]}}],"collection":[{"href":"https:\/\/rac.net.co\/nuevositio\/wp-json\/wp\/v2\/pages"}],"about":[{"href":"https:\/\/rac.net.co\/nuevositio\/wp-json\/wp\/v2\/types\/page"}],"author":[{"embeddable":true,"href":"https:\/\/rac.net.co\/nuevositio\/wp-json\/wp\/v2\/users\/1"}],"replies":[{"embeddable":true,"href":"https:\/\/rac.net.co\/nuevositio\/wp-json\/wp\/v2\/comments?post=676"}],"version-history":[{"count":24,"href":"https:\/\/rac.net.co\/nuevositio\/wp-json\/wp\/v2\/pages\/676\/revisions"}],"predecessor-version":[{"id":716,"href":"https:\/\/rac.net.co\/nuevositio\/wp-json\/wp\/v2\/pages\/676\/revisions\/716"}],"wp:attachment":[{"href":"https:\/\/rac.net.co\/nuevositio\/wp-json\/wp\/v2\/media?parent=676"}],"curies":[{"name":"wp","href":"https:\/\/api.w.org\/{rel}","templated":true}]}}